
Is 36652 a multiple of 196?
True
Is 314 a factor of 2597666?
False
Does 36 divide 199944?
True
Does 29 divide 4961958?
True
Does 72 divide 669831?
False
Does 62 divide 3041287?
False
Does 780 divide 562380?
True
Does 32 divide 217312?
True
Is 1150154 a multiple of 611?
False
Is 166 a factor of 135157?
False
Is 36 a factor of 678168?
True
Is 368 a factor of 119163?
False
Is 289 a factor of 631234?
False
Is 145295 a multiple of 20?
False
Is 42 a factor of 381544?
False
Does 89 divide 675594?
False
Does 237 divide 20932077?
True
Is 9977 a multiple of 49?
False
Is 50 a factor of 9909338?
False
Is 675402 a multiple of 71?
False
Is 4991487 a multiple of 69?
False
Is 146 a factor of 468285?
False
Is 27 a factor of 10544553?
True
Does 233 divide 3518472?
False
Does 7 divide 761950?
True
Does 544 divide 269280?
True
Is 311 a factor of 1644991?
False
Is 26 a factor of 3834688?
True
Does 231 divide 142065?
True
Is 3225090 a multiple of 674?
True
Is 9469772 a multiple of 192?
False
Is 1812257 a multiple of 5?
False
Is 24 a factor of 313684?
False
Does 213 divide 2919804?
True
Is 7 a factor of 96915?
True
Does 212 divide 19783?
False
Does 149 divide 1109405?
False
Is 1049 a factor of 378689?
True
Is 1456815 a multiple of 51?
True
Is 303768 a multiple of 70?
False
Is 15 a factor of 137829?
False
Does 34 divide 14076?
True
Is 352954 a multiple of 62?
False
Does 93 divide 62496?
True
Does 47 divide 62651?
True
Is 12 a factor of 1371787?
False
Does 37 divide 4683571?
True
Does 50 divide 1799437?
False
Is 929 a factor of 145853?
True
Is 144576 a multiple of 36?
True
Does 40 divide 2879457?
False
Does 455 divide 4930380?
True
Does 267 divide 1105380?
True
Does 6 divide 1068720?
True
Is 37 a factor of 121160?
False
Is 24544 a multiple of 16?
True
Is 784160 a multiple of 20?
True
Is 3 a factor of 21218?
False
Does 503 divide 1487663?
False
Is 2402720 a multiple of 16?
True
Is 21 a factor of 196930?
False
Is 57 a factor of 24914301?
True
Is 61 a factor of 1055727?
True
Does 100 divide 17888072?
False
Does 16 divide 10784?
True
Does 5 divide 2042660?
True
Is 353 a factor of 6517822?
False
Does 46 divide 108600?
False
Is 246 a factor of 26076?
True
Is 1144926 a multiple of 79?
False
Is 102 a factor of 260242?
False
Is 9478706 a multiple of 26?
False
Is 5 a factor of 225833?
False
Does 10 divide 3449302?
False
Does 14 divide 25228?
True
Is 14843 a multiple of 3?
False
Is 1071 a factor of 6594931?
False
Is 551 a factor of 488737?
True
Is 85 a factor of 591271?
False
Is 250949 a multiple of 47?
False
Is 1698026 a multiple of 79?
True
Does 177 divide 2104176?
True
Is 33 a factor of 121458?
False
Is 227 a factor of 241528?
True
Is 285019 a multiple of 3?
False
Is 3707906 a multiple of 140?
False
Does 120 divide 302889?
False
Is 2515173 a multiple of 5?
False
Is 11 a factor of 4157735?
False
Does 8 divide 6099?
False
Does 76 divide 1981320?
True
Is 20 a factor of 52580?
True
Is 200487 a multiple of 31?
False
Does 23 divide 2583207?
False
Does 338 divide 46982?
True
Is 2004 a factor of 9711384?
True
Is 92 a factor of 7737292?
True
Does 74 divide 1410440?
True
Does 1020 divide 2415360?
True
Is 7 a factor of 369985?
True
Does 19 divide 2555614?
True
Is 27529210 a multiple of 41?
False
Is 8 a factor of 21848?
True
Is 234 a factor of 261612?
True
Does 33 divide 69234?
True
Is 94 a factor of 22372?
True
Is 275 a factor of 345109?
False
Does 81 divide 156573?
True
Is 71663 a multiple of 400?
False
Is 119 a factor of 2925564?
False
Is 968924 a multiple of 209?
True
Is 1514610 a multiple of 376?
False
Is 34936 a multiple of 35?
False
Is 469 a factor of 1519560?
True
Is 3204761 a multiple of 29?
True
Does 6 divide 17237?
False
Is 1657562 a multiple of 52?
False
Is 38 a factor of 12007886?
True
Is 997056 a multiple of 144?
True
Does 74 divide 119214?
True
Does 22 divide 15861656?
False
Is 288854 a multiple of 4?
False
Is 17 a factor of 196622?
True
Is 180 a factor of 21443220?
True
Is 571233 a multiple of 21?
False
Is 343 a factor of 56252?
True
Does 628 divide 222312?
True
Is 9 a factor of 3909062?
False
Does 2 divide 10035?
False
Is 5 a factor of 56743?
False
Does 11 divide 646034?
False
Is 87680 a multiple of 228?
False
Does 26 divide 1318262?
False
Is 88751 a multiple of 53?
False
Is 2534784 a multiple of 552?
True
Is 674 a factor of 380810?
True
Is 1890 a factor of 5337598?
False
Is 140 a factor of 1068900?
True
Is 5342480 a multiple of 190?
False
Is 362997 a multiple of 410?
False
Is 143181 a multiple of 2?
False
Is 78 a factor of 714844?
False
Is 7 a factor of 3051738?
False
Is 10 a factor of 284180?
True
Does 924 divide 6305942?
False
Does 62 divide 193688?
True
Is 283 a factor of 723655?
False
Is 200178 a multiple of 99?
True
Is 2743029 a multiple of 559?
False
Does 50 divide 72350?
True
Is 860 a factor of 338593?
False
Is 917209 a multiple of 383?
False
Does 19 divide 3430041?
False
Is 33 a factor of 140441?
False
Is 188 a factor of 92120?
True
Does 581 divide 8242984?
False
Is 12394708 a multiple of 847?
False
Is 145540 a multiple of 3?
False
Is 1288 a factor of 2896425?
False
Is 426230 a multiple of 5?
True
Is 74 a factor of 29230?
True
Does 394 divide 54433?
False
Is 161 a factor of 34776?
True
Is 169 a factor of 208377?
True
Is 660 a factor of 368103?
False
Is 70536 a multiple of 255?
False
Is 24 a factor of 110455?
False
Is 79 a factor of 16116?
True
Does 11 divide 4085172?
False
Is 239 a factor of 395340?
False
Is 192943 a multiple of 62?
False
Is 14 a factor of 8591987?
False
Does 45 divide 1540393?
False
Is 1953589 a multiple of 187?
True
Is 82 a factor of 797746?
False
Is 328209 a multiple of 7?
True
Is 567350 a multiple of 10?
True
Is 10 a factor of 109690?
True
Is 528843 a multiple of 9?
False
Does 20 divide 131110?
False
Does 34 divide 1558430?
False
Does 90 divide 3219120?
True
Is 97968 a multiple of 78?
True
Is 60 a factor of 413400?
True
Does 29 divide 230666?
True
Is 28 a factor of 20552?
True
Does 6 divide 191116?
False
Does 4 divide 610824?
True
Is 2984256 a multiple of 471?
True
Is 1125 a factor of 5272875?
True
Does 134 divide 442334?
True
Is 10 a factor of 1925612?
False
Is 219128 a multiple of 28?
True
Is 750048 a multiple of 13?
True
Is 37 a factor of 16095?
True
Is 4521570 a multiple of 138?
True
Does 46 divide 1677749?
False
Is 191178 a multiple of 82?
False
Does 369 divide 1088718?
False
Is 11 a factor of 34298?
True
Is 3338769 a multiple of 37?
True
Is 23512 a multiple of 54?
False
Is 2971192 a multiple of 56?
True
Is 2 a factor of 5184?
True
Does 172 divide 2159460?
True
Does 203 divide 222219?
False
Does 38 divide 26027?
False
Is 6 a factor of 532821?
False
Is 100058 a multiple of 6?
False
Is 5 a factor of 100055?
True
Does 610 divide 7165182?
False
Is 699084 a multiple of 683?
False
Is 643082 a multiple of 11?
True
Is 138127 a multiple of 29?
True
Is 72 a factor of 531230?
False
Does 300 divide 1281646?
False
Is 122 a factor of 218014?
True
Does 4 divide 16196?
True
Is 93 a factor of 450864?
True
Is 1431766 a multiple of 147?
False
Is 47083 a multiple of 3?
False
Is 2262410 a multiple of 884?
False
Is 452106 a multiple of 8?
False
Is 1126048 a multiple of 914?
True
Is 20 a factor of 5289700?
True
Is 234 a factor of 95722?
False
Does 13 divide 5860946?
True
Is 332397 a multiple of 24?
False
Is 14 a factor of 932412?
False
Is 16 a factor of 1376?
True
Is 1540825 a multiple of 27?
False
Is 28674 a multiple of 59?
True
Is 5 a factor of 440045?
True
Is 1418379 a multiple of 16?
False
Does 55 divide 1198626?
False
Does 15 divide 134325?
True
Does 39 divide 621906?
False
Is 90058 a multiple of 37?
True
Is 903962 a multiple of 18?
False
Is 916472 a multiple of 218?
True
Is 221 a factor of 806871?
True
Is 10 a factor of 149252?
False
Is 176301 a multiple of 9?
True
Is 242646 a multiple of 37?
True
Is 23 a factor of 310132?
True
Is 155184 a multiple of 106?
True
Is 481778 a multiple of 21?
False
Is 504963 a multiple of 105?
False
Is 54 a factor of 49332?
False
Does 177 divide 6335542?
False
Is 12 a factor of 8582094?
False
Is 8262 a multiple of 34?
True
Does 471 divide 1260786?
False
Is 39 a factor of 34476?
True
Is 78 a factor of 157463?
False
Does 48 divide 61296?
True
Is 859708 a multiple of 24?
False
Is 96 a factor of 4800?
True
Is 3475783 a mu